me factors of w.
2, 7
Suppose -100 = 2*i - 2*k, -3*k = -i - 28 - 32. Let t = -25 - i. Suppose -x + 0*x - 3*q = -10, 2*x = -3*q + t. List the prime factors of x.
2, 5
Let f be (-2)/10 - 1/(-5). Suppose 6*d - 96 = 2*d - 3*x, f = -2*d - 3*x + 54. List the prime factors of d.
3, 7
Let u(o) = -5*o - 14. Let s = 0 - 10. Let l be u(s). Let x = l - 25. List the prime factors of x.
11
Suppose 0 = 3*x + 6 - 0. Let o be (x/(-4))/(2/4). What are the prime factors of -3 - (-9 + (-3)/o)?
3
Let f = 105 - 24. List the prime factors of f.
3
Let i(p) = 3*p + 5*p - 4*p. What are the prime factors of i(9)?
2, 3
Let q(d) = -d - 6. Let u be q(-9). Suppose -v - r = -9, -u*v - r = r - 22. List the prime factors of v.
2
Let g(x) = x**2 + x + 2. Suppose 5*l = 4*m + 30, 2*l + 4*m = -l - 14. List the prime factors of g(l).
2
Let c = 82 + 19. Suppose 5*m - c = 14. List the prime factors of m.
23
Let f = -372 - -627. What are the prime factors of f?
3, 5, 17
Let z = -22 - -34. Let r be 1 - (-2 + z - -3). List the prime factors of 9/(-6)*r/9.
2
Suppose -i = -5*i + 80. What are the prime factors of (14/(-5))/((-4)/i)?
2, 7
What are the prime factors of (2 - 80/(-5)) + -3?
3, 5
Let a(p) = p**3 - 7*p**2 + 8*p - 6. Let w be a(6). Suppose -w*h = -h + 30. What are the prime factors of 3 - (3 - 0) - h?
2, 3
Suppose 5*r = 0, 5*r + 195 = -0*f + 3*f. What are the prime factors of f?
5, 13
Suppose -3*j = 188 - 50. What are the prime factors of (-2)/11 - j/11?
2
Suppose -874 = 3*k - 154. What are the prime factors of (k/2)/(-4) - -3?
3, 11
Let z = 9 + -5. Suppose -t = 5*r + 4*t - 120, r - z*t = 19. List the prime factors of r.
23
Suppose 60 + 0 = -5*x. List the prime factors of x/(-8)*8/6.
2
Suppose 2*z - 5*s - 6 = 0, z - 6*z = -4*s - 15. Let h(p) = p. Let v be h(z). Suppose k + d = 8, -v*d + 22 = 2*k - 4*d. What are the prime factors of k?
2, 5
Suppose 0 = -6*c + 4*c + 44. Let r = c + -13. What are the prime factors of r?
3
Let i(y) = y**2 - 6*y - 14. List the prime factors of i(8).
2
Let o be (0/(2 + 1))/(-2). Suppose 2*k + 5*g - 25 = 0, 3*k = 2*g - o*g + 9. Suppose 77 = k*j + 7. What are the prime factors of j?
2, 7
Let q be ((-6)/(-8))/(9/216). Let g = q + -2. What are the prime factors of g?
2
List the prime factors of ((-4)/(-4) - 5) + 206.
2, 101
Let p(r) = r - 1. Suppose s - 4*z = 3*s + 8, 4*z = -20. What are the prime factors of p(s)?
5
Let k(j) = j**3 - 6*j**2 + 2. Let w be k(6). Suppose -2*x - 18 = -4*v, -3 - w = -2*v + 5*x. Suppose u + 5*y = -u - 2, v*y + 20 = 0. List the prime factors of u.
3
Let v = 8 - 2. Suppose 0 = -4*f + v + 6. Let w(o) = o + 1. What are the prime factors of w(f)?
2
Suppose -4*z - q + 719 = 0, -q + 354 = 2*z - 7. What are the prime factors of z?
179
Suppose -3*t + n + 64 = 0, 3*t + 5*n + 8 = 48. What are the prime factors of t?
2, 5
What are the prime factors of (13 + -18)*(-33)/5?
3, 11
Let a be 10 - 3/((-6)/(-4)). Let m = -6 - -46. Suppose a = 4*c + 5*q - 5, -4*q = -4*c + m. What are the prime factors of c?
7
Let l = 6 - 2. Suppose 4*s - 4 = 3*s, -l*h - s + 40 = 0. List the prime factors of h.
3
Let x = 8 - 6. Suppose 0 = u - x*u + 1. List the prime factors of ((-18)/(-15))/(u/5).
2, 3
Let d(z) = -2*z - 15. Let b be (-2175)/195 - (-4)/26. List the prime factors of d(b).
7
Suppose -2*z - r = -15, 0 = -0*z - z + 3*r + 11. Suppose -34 + 14 = -5*w, 3*w - z = 2*b. List the prime factors of b.
2
Let j = 18 - 12. What are the prime factors of 8 - (-3)/j*2?
3
Let t(w) be the third derivative of -w**4/12 - 13*w**3/6 + 4*w**2. What are the prime factors of t(-14)?
3, 5
Let s(i) = -5*i**3 - 3*i - 1. What are the prime factors of s(-2)?
3, 5
Let f(d) = -18*d. Let u be f(-1). Suppose -u = -2*t - t. List the prime factors of t.
2, 3
What are the prime factors of 2/7 + (-178)/(-14)?
13
Let q(u) = -u**2 + 37*u - 22. What are the prime factors of q(18)?
2, 5
Let m = 69 + -9. Suppose m = -5*v + 4*w, -3*v - 2*v - 60 = -3*w. Let o = -7 - v. List the prime factors of o.
5
Let v(p) = -p**3 + 14. Let c(s) = s**3 - 9*s**2 + s - 7. Let g be c(9). Suppose -g*d = 2*d. What are the prime factors of v(d)?
2, 7
Let q(l) = -l**3 - 5*l**2 - 3*l + 4. Let w = -10 - -7. Let o be q(w). Let z(r) = r**2 + 4*r + 7. List the prime factors of z(o).
2, 3
Let q be (-1 - 0 - 13)/(-2). Suppose -4*r = -4*l - 148, 5*l + 41 = -r - 174. List the prime factors of ((-1)/2)/(q/l).
3
Let b be (-10)/4 + 9/(-6). Suppose -3*i + 4*j + 10 = 0, 3*i - 3*j - 18 + 6 = 0. What are the prime factors of i/b*(-6)/1?
3
What are the prime factors of -5*(-1)/(25/420)?
2, 3, 7
Suppose 0 = -5*i - 5, -4*s + 17 = -s - 5*i. What are the prime factors of s?
2
Let g = -2 + 2. Suppose -6*j + 5*c + 84 = -2*j, -3*j = -4*c - 62. Suppose g = 2*u - 0*u - j. What are the prime factors of u?
13
Suppose -61 = -w + 3. What are the prime factors of w?
2
Let f(d) = 9*d**2 + 4*d - 13. List the prime factors of f(6).
5, 67
Suppose -2*o = 4*r - o - 12, -2*r = 2*o. Suppose 2*f - 9 = -1. List the prime factors of (14/r)/(2/f).
7
Let a = -23 + 27. Suppose -3*h = -5*n + 153, 159 = a*n - 5*h + 34. What are the prime factors of n?
2, 3, 5
List the prime factors of 2/1 + -3 + (-166)/(-2).
2, 41
Let t be (-2)/10 + 509/(-5). Let i = -146 - t. Let y = i - -66. What are the prime factors of y?
2, 11
List the prime factors of (-4)/(-6) + 507/9.
3, 19
What are the prime factors of 4/20 + 188/10?
19
Suppose 2*k - 3*m + 2 = -3, k = -2*m - 6. What are the prime factors of (1 - k)*252/35?
2, 3
Let w(k) = -k**2 + k. Suppose 5*c + 4*f = c + 12, 5*c = 4*f - 3. Let m be w(c). Suppose 0 = 5*h - m*h - 95. What are the prime factors of h?
19
Suppose 2*g - 26 = -2*g + 2*j, -3*g = j - 17. Let a = 9 + g. List the prime factors of a.
3, 5
Suppose -3*l + 45 = -3*x, x + 43 = 5*l + 8. What are the prime factors of (-4)/x - 99/(-15)?
7
Suppose 9 - 25 = -2*v - 3*r, -2*r + 2 = -3*v. List the prime factors of v.
2
Let v(k) = k + 1. Let b be v(2). Suppose 5*a + 5*w = 90, 4*a + 23 = -b*w + 93. List the prime factors of a.
2
Suppose n + 17 = 3*p - 93, -165 = -5*p - 2*n. List the prime factors of p.
5, 7
Let q(c) = c**2 + 5*c + 32. List the prime factors of q(-10).
2, 41
Let r(v) = 15*v - 4. Let b be 3/(5/(40/6)). What are the prime factors of r(b)?
2, 7
Let w(j) = 5*j**3 + 2*j**2 + 2*j + 5. Let l be w(5). What are the prime factors of l/54 - (-2)/9?
13
Suppose -3*h + 4*k - 5*k = -477, 5*h = 4*k + 795. List the prime factors of h.
3, 53
Let a(o) = 3*o**2 + 2*o + 2. Let t be a(-1). Suppose 52 = -2*j + 6*j. Suppose -5*s + j = t. List the prime factors of s.
2
Let k be -106*4/(0 + -8). Suppose k = 2*w - 1. What are the prime factors of w?
3
Suppose 4*u - 22 - 10 = 2*m, -5*u + 5 = 0. Let t = m + 23. Let p(y) = -y**3 + 10*y**2 - 9*y + 5. What are the prime factors of p(t)?
5
Suppose -x - 4*x + 30 = 0. Suppose 0 = -z - 2*n + x, -z - 3*n + 9 = -4*z. List the prime factors of 0 + 4 + 2 + z.
2, 3
Let x be (-1 - -1)/(-4 + 2). Suppose -2*y + x*k = -4*k - 52, 2*k = -3*y + 62. List the prime factors of y.
2, 11
Suppose 4*f = 6*f + 22. Let z be 6/(f/(-9) - 1). Suppose 1 = -2*q + z. What are the prime factors of q?
13
Let q = 53 - 38. List the prime factors of q.
3, 5
Let p = -18 - -25. Let t = 43 + -25. Let m = t - p. List the prime factors of m.
11
Suppose -3*b - 14 = -2*w, -2*b - 3*b = -3*w + 23. Let o(i) = -2 - i**2 + 2*i**3 - 2*i**2 + 3*i - 3*i**3. List the prime factors of o(b).
2
Let d = -4 + 10. Suppose a + a + p = 7, d = 2*p. Suppose a*j = 3*j - 10. What are the prime factors of j?
2, 5
Suppose -4*u + 2*u = -5*j - 15, 12 = 3*u + 3*j. Suppose 4*f = -o + 2*o - 7, 10 = 5*o + u*f. What are the prime factors of o?
3
Let j(g) = g**3 + 5*g**2 + 11*g - 9. Let n(s) = s**3 + 4*s**2 + 12*s - 9. Let c(o) = -4*j(o) + 3*n(o). List the prime factors of c(-7).
2
What are the prime factors of 5*(-5 - 1632/(-30))?
13, 19
Suppose 5*n - 2*n = 3. Let c = 33 - 31. Let j = c + n. List the prime factors of j.
3
Suppose 2*h - 2*s + 2 = -s, 5*h = -5*s + 10. Suppose -c + 2*c = h. What are the prime factors of 12 - ((c - -2) + -2)?
2, 3
Let f(n) = 17*n**2 + 1. Let d = -5 - -6. Let t be f(d). Suppose -3 = 5*y - t. What are the prime factors of y?
3
Suppose 4*f - 16 = -4*z, 15 = 5*f + 3*z + 3. List the prime factors of 43*3/(f + 3).
43
Let c(l) = l**3 + 3*l**2 - 6*l - 4. Suppose -i - 18 = i. Let y = 5 + i. 